{"id":623,"date":"2017-02-20T11:38:54","date_gmt":"2017-02-20T10:38:54","guid":{"rendered":"http:\/\/coiffeur-im-westend.de\/?page_id=623"},"modified":"2017-02-20T13:10:52","modified_gmt":"2017-02-20T12:10:52","slug":"kontakt","status":"publish","type":"page","link":"http:\/\/coiffeur-im-westend.de\/index.php\/kontakt\/","title":{"rendered":"Kontakt"},"content":{"rendered":"<div id=\"pl-623\"  class=\"panel-layout\" ><div id=\"pg-623-0\"  class=\"panel-grid panel-has-style\" ><div style=\"padding: 100px 0; \" class=\"panel-row-style panel-row-style-for-623-0\" ><div id=\"pgc-623-0-0\"  class=\"panel-grid-cell panel-grid-cell-mobile-last\" ><div id=\"panel-623-0-0-0\" class=\"so-panel widget widget_sow-editor panel-first-child\" data-index=\"0\" ><div class=\"so-widget-sow-editor so-widget-sow-editor-base\">\n<div class=\"siteorigin-widget-tinymce textwidget\">\n\t<h3>Kontakt aufnehmen<\/h3>\n<p>Nehmen Sie jetzt Kontakt mit uns auf und vereinbaren Sie gleich einen Termin oder lassen sich zun\u00e4chst beraten.<\/p>\n<p><em>Bitte beachten Sie, dass wir aktuell <strong>ausschlie\u00dflich telefonisch<\/strong> Termine vereinbaren k\u00f6nnen.<\/em><\/p>\n<\/div>\n<\/div><\/div><div id=\"panel-623-0-0-1\" class=\"so-panel widget widget_sydney_contact_info sydney_contact_info_widget panel-last-child\" data-index=\"1\" ><div class=\"contact-address\"><span><i class=\"fa fa-home\"><\/i><\/span>Mendelssohnstra\u00dfe 57 - 60325 Frankfurt am Main<\/div><div class=\"contact-phone\"><span><i class=\"fa fa-phone\"><\/i><\/span>069 - 74 88 16<\/div><div class=\"contact-email\"><span><i class=\"fa fa-envelope\"><\/i><\/span><a href=\"mailto:inf&#111;&#64;c&#111;if&#102;e&#117;r&#45;&#105;m&#45;&#119;&#101;&#115;te&#110;d.d&#101;\">inf&#111;&#64;c&#111;if&#102;e&#117;r&#45;&#105;m&#45;&#119;&#101;&#115;te&#110;d.d&#101;<\/a><\/div><\/div><\/div><div id=\"pgc-623-0-1\"  class=\"panel-grid-cell panel-grid-cell-empty\" ><\/div><\/div><\/div><\/div>","protected":false},"excerpt":{"rendered":"<p>Kontakt aufnehmenNehmen Sie jetzt Kontakt mit uns auf und vereinbaren Sie gleich einen Termin oder lassen sich zun\u00e4chst beraten.Bitte beachten Sie, dass wir aktuell ausschlie\u00dflich telefonisch Termine vereinbaren k\u00f6nnen.<\/p>\n","protected":false},"author":1,"featured_media":0,"parent":0,"menu_order":0,"comment_status":"closed","ping_status":"closed","template":"","meta":[],"_links":{"self":[{"href":"http:\/\/coiffeur-im-westend.de\/index.php\/wp-json\/wp\/v2\/pages\/623"}],"collection":[{"href":"http:\/\/coiffeur-im-westend.de\/index.php\/wp-json\/wp\/v2\/pages"}],"about":[{"href":"http:\/\/coiffeur-im-westend.de\/index.php\/wp-json\/wp\/v2\/types\/page"}],"author":[{"embeddable":true,"href":"http:\/\/coiffeur-im-westend.de\/index.php\/wp-json\/wp\/v2\/users\/1"}],"replies":[{"embeddable":true,"href":"http:\/\/coiffeur-im-westend.de\/index.php\/wp-json\/wp\/v2\/comments?post=623"}],"version-history":[{"count":12,"href":"http:\/\/coiffeur-im-westend.de\/index.php\/wp-json\/wp\/v2\/pages\/623\/revisions"}],"predecessor-version":[{"id":631,"href":"http:\/\/coiffeur-im-westend.de\/index.php\/wp-json\/wp\/v2\/pages\/623\/revisions\/631"}],"wp:attachment":[{"href":"http:\/\/coiffeur-im-westend.de\/index.php\/wp-json\/wp\/v2\/media?parent=623"}],"curies":[{"name":"wp","href":"https:\/\/api.w.org\/{rel}","templated":true}]}}